{"id":235,"date":"2019-09-02T23:23:04","date_gmt":"2019-09-03T02:23:04","guid":{"rendered":"https:\/\/fisica.net\/blog\/?page_id=235"},"modified":"2019-09-02T23:23:04","modified_gmt":"2019-09-03T02:23:04","slug":"perguntas-frequentes","status":"publish","type":"page","link":"https:\/\/fisica.net\/blog\/perguntas-frequentes\/","title":{"rendered":"Perguntas frequentes"},"content":{"rendered":"<p>\u00c9 aqui que voc\u00ea deve responder \u00e0 maioria de perguntas que os poss\u00edveis clientes possam ter. Recomendamos abordar assuntos como pol\u00edtica de devolu\u00e7\u00e3o, informa\u00e7\u00f5es de garantia do produto, envio e devolu\u00e7\u00f5es, etc. Veja os exemplos abaixo.<\/p><hr class=\"is-style-fullwidth wp-block-coblocks-dynamic-separator\" style=\"height:50px\"><h3 class=\"wp-block-heading\">Qual \u00e9 sua pol\u00edtica de devolu\u00e7\u00e3o?<\/h3><p>Devolu\u00e7\u00e3o de qualquer produto (sem nenhuma pergunta) em at\u00e9 30 dias ap\u00f3s a compra. Cobrimos inclusive as despesas com o envio da devolu\u00e7\u00e3o.<\/p><hr class=\"is-style-fullwidth wp-block-coblocks-dynamic-separator\" style=\"height:50px\"><h3 class=\"wp-block-heading\">Voc\u00eas enviam para o exterior e caixas postais?<\/h3><p>Sim, enviamos seu pacote para qualquer lugar que aceite entregas.<\/p><hr class=\"is-style-fullwidth wp-block-coblocks-dynamic-separator\" style=\"height:50px\"><h3 class=\"wp-block-heading\">Voc\u00eas t\u00eam atendimento ao cliente?<\/h3><p>Claro! Nossos representantes de atendimento ao cliente simp\u00e1ticos e inteligentes est\u00e3o dispon\u00edveis para responder \u00e0s suas perguntas.<\/p>","protected":false},"excerpt":{"rendered":"<p>\u00c9 aqui que voc\u00ea deve responder \u00e0 maioria de perguntas que os poss\u00edveis clientes possam ter. Recomendamos abordar assuntos como pol\u00edtica de devolu\u00e7\u00e3o, informa\u00e7\u00f5es de garantia do produto, envio e devolu\u00e7\u00f5es, etc. Veja os exemplos abaixo. Qual \u00e9 sua pol\u00edtica de devolu\u00e7\u00e3o?<\/p>\n<p class=\"link-more\"><a class=\"myButt three\" href=\"https:\/\/fisica.net\/blog\/perguntas-frequentes\/\">Read More<\/a><\/p>\n","protected":false},"author":1,"featured_media":0,"parent":0,"menu_order":0,"comment_status":"closed","ping_status":"closed","template":"","meta":{"_coblocks_attr":"","_coblocks_dimensions":"","_coblocks_responsive_height":"","_coblocks_accordion_ie_support":"","footnotes":""},"_links":{"self":[{"href":"https:\/\/fisica.net\/blog\/wp-json\/wp\/v2\/pages\/235"}],"collection":[{"href":"https:\/\/fisica.net\/blog\/wp-json\/wp\/v2\/pages"}],"about":[{"href":"https:\/\/fisica.net\/blog\/wp-json\/wp\/v2\/types\/page"}],"author":[{"embeddable":true,"href":"https:\/\/fisica.net\/blog\/wp-json\/wp\/v2\/users\/1"}],"replies":[{"embeddable":true,"href":"https:\/\/fisica.net\/blog\/wp-json\/wp\/v2\/comments?post=235"}],"version-history":[{"count":1,"href":"https:\/\/fisica.net\/blog\/wp-json\/wp\/v2\/pages\/235\/revisions"}],"predecessor-version":[{"id":326,"href":"https:\/\/fisica.net\/blog\/wp-json\/wp\/v2\/pages\/235\/revisions\/326"}],"wp:attachment":[{"href":"https:\/\/fisica.net\/blog\/wp-json\/wp\/v2\/media?parent=235"}],"curies":[{"name":"wp","href":"https:\/\/api.w.org\/{rel}","templated":true}]}}