{"id":26,"date":"2020-11-01T11:18:10","date_gmt":"2020-11-01T11:18:10","guid":{"rendered":"https:\/\/fisica.net\/enem\/blog\/sobre\/"},"modified":"2020-11-09T16:24:21","modified_gmt":"2020-11-09T19:24:21","slug":"sobre","status":"publish","type":"page","link":"https:\/\/fisica.net\/enem\/blog\/sobre\/","title":{"rendered":"Sobre"},"content":{"rendered":"\n<h1 class=\"has-text-align-center wp-block-heading\">Meu nome \u00e9 Alberto Ricardo Prass. Sou f\u00edsico, professor, autor, palestrante.<\/h1>\n\n\n\n<p>Sou graduado em F\u00edsica, com p\u00f3s-gradua\u00e7\u00e3o(especializa\u00e7\u00e3o) em Radia\u00e7\u00f5es e Mestrado em Ensino de F\u00edsica.<\/p>\n\n\n\n<p><br>A PrassTek \u00e9 uma consultoria que acredita que a explora\u00e7\u00e3o e a curiosidade s\u00e3o os melhores e mais emocionantes caminhos para o conhecimento. Venha descobrir mais sobre nossas propostas e solu\u00e7\u00f5es.<\/p>\n\n\n\n<p><\/p>\n\n\n\n<div class=\"wp-block-group alignwide\"><div class=\"wp-block-group__inner-container is-layout-flow wp-block-group-is-layout-flow\">\n<h2 class=\"has-text-align-center wp-block-heading\">\u201cEm algum lugar, algo incr\u00edvel est\u00e1 esperando para ser aprendido.\u201d<br>CARL SAGAN<\/h2>\n\n\n\n<p><\/p>\n<\/div><\/div>\n\n\n\n<div class=\"wp-block-group alignfull has-tertiary-background-color has-background\"><div class=\"wp-block-group__inner-container is-layout-flow wp-block-group-is-layout-flow\">\n<h2 class=\"has-text-align-center wp-block-heading\">Estou a sua disposi\u00e7\u00e3o.<\/h2>\n\n\n\n<div class=\"wp-block-button aligncenter\"><a class=\"wp-block-button__link\" href=\"https:\/\/fisica.net\/enem\/blog\/contato\/\" target=\"_blank\" rel=\"noreferrer noopener\">Entre em contato!<\/a><\/div>\n<\/div><\/div>\n","protected":false},"excerpt":{"rendered":"<p>Meu nome \u00e9 Alberto Ricardo Prass. Sou f\u00edsico, professor, autor, palestrante. Sou graduado em F\u00edsica,<\/p>\n","protected":false},"author":1,"featured_media":0,"parent":0,"menu_order":0,"comment_status":"closed","ping_status":"closed","template":"","meta":{"_coblocks_attr":"","_coblocks_dimensions":"","_coblocks_responsive_height":"","_coblocks_accordion_ie_support":"","footnotes":""},"yoast_head":"<!-- This site is optimized with the Yoast SEO plugin v16.4 - https:\/\/yoast.com\/wordpress\/plugins\/seo\/ -->\n<title>Sobre - F&iacute;sica no ENEM<\/title>\n<meta name=\"robots\" content=\"index, follow, max-snippet:-1, max-image-preview:large, max-video-preview:-1\" \/>\n<link rel=\"canonical\" href=\"https:\/\/fisica.net\/enem\/blog\/sobre\/\" \/>\n<meta property=\"og:locale\" content=\"pt_BR\" \/>\n<meta property=\"og:type\" content=\"article\" \/>\n<meta property=\"og:title\" content=\"Sobre - F&iacute;sica no ENEM\" \/>\n<meta property=\"og:description\" content=\"Meu nome \u00e9 Alberto Ricardo Prass. Sou f\u00edsico, professor, autor, palestrante. Sou graduado em F\u00edsica,\" \/>\n<meta property=\"og:url\" content=\"https:\/\/fisica.net\/enem\/blog\/sobre\/\" \/>\n<meta property=\"og:site_name\" content=\"F&iacute;sica no ENEM\" \/>\n<meta property=\"article:modified_time\" content=\"2020-11-09T19:24:21+00:00\" \/>\n<meta name=\"twitter:card\" content=\"summary_large_image\" \/>\n<script type=\"application\/ld+json\" class=\"yoast-schema-graph\">{\"@context\":\"https:\/\/schema.org\",\"@graph\":[{\"@type\":\"WebSite\",\"@id\":\"https:\/\/fisica.net\/enem\/blog\/#website\",\"url\":\"https:\/\/fisica.net\/enem\/blog\/\",\"name\":\"F&iacute;sica no ENEM\",\"description\":\"Prof. Alberto Ricardo Prass\",\"potentialAction\":[{\"@type\":\"SearchAction\",\"target\":\"https:\/\/fisica.net\/enem\/blog\/?s={search_term_string}\",\"query-input\":\"required name=search_term_string\"}],\"inLanguage\":\"pt-BR\"},{\"@type\":\"WebPage\",\"@id\":\"https:\/\/fisica.net\/enem\/blog\/sobre\/#webpage\",\"url\":\"https:\/\/fisica.net\/enem\/blog\/sobre\/\",\"name\":\"Sobre - F&iacute;sica no ENEM\",\"isPartOf\":{\"@id\":\"https:\/\/fisica.net\/enem\/blog\/#website\"},\"datePublished\":\"2020-11-01T11:18:10+00:00\",\"dateModified\":\"2020-11-09T19:24:21+00:00\",\"breadcrumb\":{\"@id\":\"https:\/\/fisica.net\/enem\/blog\/sobre\/#breadcrumb\"},\"inLanguage\":\"pt-BR\",\"potentialAction\":[{\"@type\":\"ReadAction\",\"target\":[\"https:\/\/fisica.net\/enem\/blog\/sobre\/\"]}]},{\"@type\":\"BreadcrumbList\",\"@id\":\"https:\/\/fisica.net\/enem\/blog\/sobre\/#breadcrumb\",\"itemListElement\":[{\"@type\":\"ListItem\",\"position\":1,\"item\":{\"@type\":\"WebPage\",\"@id\":\"https:\/\/fisica.net\/enem\/blog\/\",\"url\":\"https:\/\/fisica.net\/enem\/blog\/\",\"name\":\"In\\u00edcio\"}},{\"@type\":\"ListItem\",\"position\":2,\"item\":{\"@id\":\"https:\/\/fisica.net\/enem\/blog\/sobre\/#webpage\"}}]}]}<\/script>\n<!-- \/ Yoast SEO plugin. -->","_links":{"self":[{"href":"https:\/\/fisica.net\/enem\/blog\/wp-json\/wp\/v2\/pages\/26"}],"collection":[{"href":"https:\/\/fisica.net\/enem\/blog\/wp-json\/wp\/v2\/pages"}],"about":[{"href":"https:\/\/fisica.net\/enem\/blog\/wp-json\/wp\/v2\/types\/page"}],"author":[{"embeddable":true,"href":"https:\/\/fisica.net\/enem\/blog\/wp-json\/wp\/v2\/users\/1"}],"replies":[{"embeddable":true,"href":"https:\/\/\/fisica.net\/enem\/blog\/wp-json\/wp\/v2\/comments?post=26"}],"version-history":[{"count":2,"href":"https:\/\/fisica.net\/enem\/blog\/wp-json\/wp\/v2\/pages\/26\/revisions"}],"predecessor-version":[{"id":78,"href":"https:\/\/fisica.net\/enem\/blog\/wp-json\/wp\/v2\/pages\/26\/revisions\/78"}],"wp:attachment":[{"href":"https:\/\/\/fisica.net\/enem\/blog\/wp-json\/wp\/v2\/media?parent=26"}],"curies":[{"name":"wp","href":"https:\/\/api.w.org\/{rel}","templated":true}]}}